{"id":53,"date":"2024-12-01T14:18:05","date_gmt":"2024-12-01T13:18:05","guid":{"rendered":"https:\/\/preprod-ctpro.agence-solaris.fr\/?page_id=53"},"modified":"2024-12-01T20:18:58","modified_gmt":"2024-12-01T19:18:58","slug":"vendre-mon-terrain","status":"publish","type":"page","link":"https:\/\/preprod-ctpro.agence-solaris.fr\/index.php\/mon-projet\/vendre-mon-terrain\/","title":{"rendered":"Vendre mon terrain"},"content":{"rendered":"\t\t<div data-elementor-type=\"wp-page\" data-elementor-id=\"53\" class=\"elementor elementor-53\" data-elementor-post-type=\"page\">\n\t\t\t\t<div class=\"elementor-element elementor-element-130d9de e-con-full e-flex e-con e-parent\" data-id=\"130d9de\" data-element_type=\"container\" data-settings=\"{&quot;background_background&quot;:&quot;classic&quot;}\">\n\t\t<div class=\"elementor-element elementor-element-db9bbf5 e-flex e-con-boxed e-con e-child\" data-id=\"db9bbf5\" data-element_type=\"container\">\n\t\t\t\t\t<div class=\"e-con-inner\">\n\t\t<div class=\"elementor-element elementor-element-0484699 e-con-full e-flex e-con e-child\" data-id=\"0484699\" data-element_type=\"container\" data-settings=\"{&quot;background_background&quot;:&quot;classic&quot;}\">\n\t\t\t\t<div class=\"elementor-element elementor-element-080177a elementor-widget__width-inherit elementor-invisible elementor-widget elementor-widget-heading\" data-id=\"080177a\" data-element_type=\"widget\" data-settings=\"{&quot;_animation&quot;:&quot;fadeInUp&quot;}\" data-widget_type=\"heading.default\">\n\t\t\t\t<div class=\"elementor-widget-container\">\n\t\t\t\t\t<h1 class=\"elementor-heading-title elementor-size-default\">Vendre mon terrain<\/h1>\t\t\t\t<\/div>\n\t\t\t\t<\/div>\n\t\t\t\t<\/div>\n\t\t\t\t\t<\/div>\n\t\t\t\t<\/div>\n\t\t\t\t<\/div>\n\t\t<div class=\"elementor-element elementor-element-9451d79 e-flex e-con-boxed e-con e-parent\" data-id=\"9451d79\" data-element_type=\"container\">\n\t\t\t\t\t<div class=\"e-con-inner\">\n\t\t<div class=\"elementor-element elementor-element-ee93b12 e-con-full e-flex e-con e-child\" data-id=\"ee93b12\" data-element_type=\"container\">\n\t\t\t\t<div class=\"elementor-element elementor-element-5b38ac4 elementor-invisible elementor-widget elementor-widget-heading\" data-id=\"5b38ac4\" data-element_type=\"widget\" data-settings=\"{&quot;_animation&quot;:&quot;fadeInUp&quot;}\" data-widget_type=\"heading.default\">\n\t\t\t\t<div class=\"elementor-widget-container\">\n\t\t\t\t\t<h2 class=\"elementor-heading-title elementor-size-default\">Accompagnement personnalis\u00e9<\/h2>\t\t\t\t<\/div>\n\t\t\t\t<\/div>\n\t\t\t\t<div class=\"elementor-element elementor-element-f2993c8 elementor-invisible elementor-widget elementor-widget-text-editor\" data-id=\"f2993c8\" data-element_type=\"widget\" data-settings=\"{&quot;_animation&quot;:&quot;fadeInUp&quot;}\" data-widget_type=\"text-editor.default\">\n\t\t\t\t<div class=\"elementor-widget-container\">\n\t\t\t\t\t\t\t\t\t<p>La Coprod \u00e9tudiera toutes les possibilit\u00e9s et vous proposera, le cas \u00e9ch\u00e9ant, sa meilleure offre. La Coprod s&#8217;engage \u00e0 vous accompagner pour la r\u00e9alisation de la vente. La vente de votre bien \u00e0 la Coprod pr\u00e9sente de nombreux avantages notamment fiscaux. Venez nous rencontrer et d\u00e9couvrir tous ces avantages.<\/p>\t\t\t\t\t\t\t\t<\/div>\n\t\t\t\t<\/div>\n\t\t\t\t<\/div>\n\t\t\t\t\t<\/div>\n\t\t\t\t<\/div>\n\t\t<div class=\"elementor-element elementor-element-390e962 e-con-full e-flex e-con e-parent\" data-id=\"390e962\" data-element_type=\"container\">\n\t\t<div class=\"elementor-element elementor-element-618fe31 e-flex e-con-boxed e-con e-child\" data-id=\"618fe31\" data-element_type=\"container\">\n\t\t\t\t\t<div class=\"e-con-inner\">\n\t\t<div class=\"elementor-element elementor-element-3f7eccc e-con-full e-flex elementor-invisible e-con e-child\" data-id=\"3f7eccc\" data-element_type=\"container\" data-settings=\"{&quot;background_background&quot;:&quot;classic&quot;,&quot;animation&quot;:&quot;fadeInUp&quot;}\">\n\t\t\t\t<div class=\"elementor-element elementor-element-4b044c2 elementor-widget elementor-widget-heading\" data-id=\"4b044c2\" data-element_type=\"widget\" data-widget_type=\"heading.default\">\n\t\t\t\t<div class=\"elementor-widget-container\">\n\t\t\t\t\t<h2 class=\"elementor-heading-title elementor-size-default\">Vous avez une question ?<\/h2>\t\t\t\t<\/div>\n\t\t\t\t<\/div>\n\t\t\t\t<div class=\"elementor-element elementor-element-305bd88 elementor-invisible elementor-widget elementor-widget-text-editor\" data-id=\"305bd88\" data-element_type=\"widget\" data-settings=\"{&quot;_animation&quot;:&quot;fadeInUp&quot;}\" data-widget_type=\"text-editor.default\">\n\t\t\t\t<div class=\"elementor-widget-container\">\n\t\t\t\t\t\t\t\t\t<p>Notre \u00e9quipe saura vous guider dans vos d\u00e9marches.<\/p>\t\t\t\t\t\t\t\t<\/div>\n\t\t\t\t<\/div>\n\t\t\t\t<div class=\"elementor-element elementor-element-1ec33cc elementor-align-center elementor-invisible elementor-widget elementor-widget-button\" data-id=\"1ec33cc\" data-element_type=\"widget\" data-settings=\"{&quot;_animation&quot;:&quot;fadeInUp&quot;}\" data-widget_type=\"button.default\">\n\t\t\t\t<div class=\"elementor-widget-container\">\n\t\t\t\t\t\t\t\t\t<div class=\"elementor-button-wrapper\">\n\t\t\t\t\t<a class=\"elementor-button elementor-button-link elementor-size-sm\" href=\"https:\/\/preprod-ctpro.agence-solaris.fr\/index.php\/contact\/\">\n\t\t\t\t\t\t<span class=\"elementor-button-content-wrapper\">\n\t\t\t\t\t\t\t\t\t<span class=\"elementor-button-text\">Contactez-nous<\/span>\n\t\t\t\t\t<\/span>\n\t\t\t\t\t<\/a>\n\t\t\t\t<\/div>\n\t\t\t\t\t\t\t\t<\/div>\n\t\t\t\t<\/div>\n\t\t\t\t<\/div>\n\t\t\t\t\t<\/div>\n\t\t\t\t<\/div>\n\t\t\t\t<\/div>\n\t\t\t\t<\/div>\n\t\t","protected":false},"excerpt":{"rendered":"<p>Vendre mon terrain Accompagnement personnalis\u00e9 La Coprod \u00e9tudiera toutes les possibilit\u00e9s et vous proposera, le cas \u00e9ch\u00e9ant, sa meilleure offre. La Coprod s&#8217;engage \u00e0 vous accompagner pour la r\u00e9alisation de la vente. La vente de votre bien \u00e0 la Coprod pr\u00e9sente de nombreux avantages notamment fiscaux. Venez nous rencontrer et d\u00e9couvrir tous ces avantages. Vous [&hellip;]<\/p>\n","protected":false},"author":1,"featured_media":0,"parent":46,"menu_order":0,"comment_status":"closed","ping_status":"closed","template":"","meta":{"footnotes":""},"class_list":["post-53","page","type-page","status-publish","hentry"],"_links":{"self":[{"href":"https:\/\/preprod-ctpro.agence-solaris.fr\/index.php\/wp-json\/wp\/v2\/pages\/53","targetHints":{"allow":["GET"]}}],"collection":[{"href":"https:\/\/preprod-ctpro.agence-solaris.fr\/index.php\/wp-json\/wp\/v2\/pages"}],"about":[{"href":"https:\/\/preprod-ctpro.agence-solaris.fr\/index.php\/wp-json\/wp\/v2\/types\/page"}],"author":[{"embeddable":true,"href":"https:\/\/preprod-ctpro.agence-solaris.fr\/index.php\/wp-json\/wp\/v2\/users\/1"}],"replies":[{"embeddable":true,"href":"https:\/\/preprod-ctpro.agence-solaris.fr\/index.php\/wp-json\/wp\/v2\/comments?post=53"}],"version-history":[{"count":4,"href":"https:\/\/preprod-ctpro.agence-solaris.fr\/index.php\/wp-json\/wp\/v2\/pages\/53\/revisions"}],"predecessor-version":[{"id":264,"href":"https:\/\/preprod-ctpro.agence-solaris.fr\/index.php\/wp-json\/wp\/v2\/pages\/53\/revisions\/264"}],"up":[{"embeddable":true,"href":"https:\/\/preprod-ctpro.agence-solaris.fr\/index.php\/wp-json\/wp\/v2\/pages\/46"}],"wp:attachment":[{"href":"https:\/\/preprod-ctpro.agence-solaris.fr\/index.php\/wp-json\/wp\/v2\/media?parent=53"}],"curies":[{"name":"wp","href":"https:\/\/api.w.org\/{rel}","templated":true}]}}