{"id":51,"date":"2024-12-01T14:17:28","date_gmt":"2024-12-01T13:17:28","guid":{"rendered":"https:\/\/preprod-ctpro.agence-solaris.fr\/?page_id=51"},"modified":"2025-03-03T12:34:06","modified_gmt":"2025-03-03T11:34:06","slug":"devenir-proprietaire","status":"publish","type":"page","link":"https:\/\/preprod-ctpro.agence-solaris.fr\/index.php\/mon-projet\/devenir-proprietaire\/","title":{"rendered":"Devenir propri\u00e9taire"},"content":{"rendered":"\t\t<div data-elementor-type=\"wp-page\" data-elementor-id=\"51\" class=\"elementor elementor-51\" data-elementor-post-type=\"page\">\n\t\t\t\t<div class=\"elementor-element elementor-element-0351013 e-con-full e-flex e-con e-parent\" data-id=\"0351013\" data-element_type=\"container\" data-settings=\"{&quot;background_background&quot;:&quot;classic&quot;}\">\n\t\t<div class=\"elementor-element elementor-element-aeec884 e-flex e-con-boxed e-con e-child\" data-id=\"aeec884\" data-element_type=\"container\">\n\t\t\t\t\t<div class=\"e-con-inner\">\n\t\t<div class=\"elementor-element elementor-element-05d7e55 e-con-full e-flex e-con e-child\" data-id=\"05d7e55\" data-element_type=\"container\" data-settings=\"{&quot;background_background&quot;:&quot;classic&quot;}\">\n\t\t\t\t<div class=\"elementor-element elementor-element-e0b6789 elementor-widget__width-inherit elementor-invisible elementor-widget elementor-widget-heading\" data-id=\"e0b6789\" data-element_type=\"widget\" data-settings=\"{&quot;_animation&quot;:&quot;fadeInUp&quot;}\" data-widget_type=\"heading.default\">\n\t\t\t\t<div class=\"elementor-widget-container\">\n\t\t\t\t\t<h1 class=\"elementor-heading-title elementor-size-default\">Devenir propri\u00e9taire<\/h1>\t\t\t\t<\/div>\n\t\t\t\t<\/div>\n\t\t\t\t<\/div>\n\t\t\t\t\t<\/div>\n\t\t\t\t<\/div>\n\t\t\t\t<\/div>\n\t\t<div class=\"elementor-element elementor-element-71adcfc e-flex e-con-boxed e-con e-parent\" data-id=\"71adcfc\" data-element_type=\"container\">\n\t\t\t\t\t<div class=\"e-con-inner\">\n\t\t<div class=\"elementor-element elementor-element-f005a7b e-con-full e-flex e-con e-child\" data-id=\"f005a7b\" data-element_type=\"container\">\n\t\t\t\t<div class=\"elementor-element elementor-element-df37a20 elementor-invisible elementor-widget elementor-widget-heading\" data-id=\"df37a20\" data-element_type=\"widget\" data-settings=\"{&quot;_animation&quot;:&quot;fadeInUp&quot;}\" data-widget_type=\"heading.default\">\n\t\t\t\t<div class=\"elementor-widget-container\">\n\t\t\t\t\t<h3 class=\"elementor-heading-title elementor-size-default\">Achetez votre logement avec la COPROD !<\/h3>\t\t\t\t<\/div>\n\t\t\t\t<\/div>\n\t\t\t\t<div class=\"elementor-element elementor-element-ccedba0 elementor-invisible elementor-widget elementor-widget-text-editor\" data-id=\"ccedba0\" data-element_type=\"widget\" data-settings=\"{&quot;_animation&quot;:&quot;fadeInUp&quot;}\" data-widget_type=\"text-editor.default\">\n\t\t\t\t<div class=\"elementor-widget-container\">\n\t\t\t\t\t\t\t\t\t<p>Devenir propri\u00e9taire avec COPROD ! Nos \u00e9quipes vous accompagnent dans l\u2019acquisition de votre logement, sous r\u00e9serve de remplir certaines conditions.<br \/>Coprod propose \u00e9galement des biens vacants \u00e0 la vente.<\/p>\t\t\t\t\t\t\t\t<\/div>\n\t\t\t\t<\/div>\n\t\t\t\t<div class=\"elementor-element elementor-element-a0ebf72 elementor-align-left elementor-invisible elementor-widget elementor-widget-button\" data-id=\"a0ebf72\" data-element_type=\"widget\" data-settings=\"{&quot;_animation&quot;:&quot;fadeInUp&quot;}\" data-widget_type=\"button.default\">\n\t\t\t\t<div class=\"elementor-widget-container\">\n\t\t\t\t\t\t\t\t\t<div class=\"elementor-button-wrapper\">\n\t\t\t\t\t<a class=\"elementor-button elementor-button-link elementor-size-sm\" href=\"https:\/\/preprod-ctpro.agence-solaris.fr\/index.php\/nos-annonces\/acheter\/\">\n\t\t\t\t\t\t<span class=\"elementor-button-content-wrapper\">\n\t\t\t\t\t\t\t\t\t<span class=\"elementor-button-text\">D\u00e9couvrir nos annonces <\/span>\n\t\t\t\t\t<\/span>\n\t\t\t\t\t<\/a>\n\t\t\t\t<\/div>\n\t\t\t\t\t\t\t\t<\/div>\n\t\t\t\t<\/div>\n\t\t\t\t<\/div>\n\t\t<div class=\"elementor-element elementor-element-515df77 e-con-full e-flex e-con e-child\" data-id=\"515df77\" data-element_type=\"container\">\n\t\t\t\t<div class=\"elementor-element elementor-element-b13f238 elementor-invisible elementor-widget elementor-widget-image\" data-id=\"b13f238\" data-element_type=\"widget\" data-settings=\"{&quot;_animation&quot;:&quot;fadeInUp&quot;}\" data-widget_type=\"image.default\">\n\t\t\t\t<div class=\"elementor-widget-container\">\n\t\t\t\t\t\t\t\t\t\t\t\t\t\t\t<img fetchpriority=\"high\" decoding=\"async\" width=\"2560\" height=\"1707\" src=\"https:\/\/preprod-ctpro.agence-solaris.fr\/wp-content\/uploads\/2024\/12\/locataires-clefs_coprod-scaled-1.jpeg\" class=\"attachment-full size-full wp-image-192\" alt=\"\" srcset=\"https:\/\/preprod-ctpro.agence-solaris.fr\/wp-content\/uploads\/2024\/12\/locataires-clefs_coprod-scaled-1.jpeg 2560w, https:\/\/preprod-ctpro.agence-solaris.fr\/wp-content\/uploads\/2024\/12\/locataires-clefs_coprod-scaled-1-300x200.jpeg 300w, https:\/\/preprod-ctpro.agence-solaris.fr\/wp-content\/uploads\/2024\/12\/locataires-clefs_coprod-scaled-1-1024x683.jpeg 1024w, https:\/\/preprod-ctpro.agence-solaris.fr\/wp-content\/uploads\/2024\/12\/locataires-clefs_coprod-scaled-1-768x512.jpeg 768w, https:\/\/preprod-ctpro.agence-solaris.fr\/wp-content\/uploads\/2024\/12\/locataires-clefs_coprod-scaled-1-1536x1024.jpeg 1536w, https:\/\/preprod-ctpro.agence-solaris.fr\/wp-content\/uploads\/2024\/12\/locataires-clefs_coprod-scaled-1-2048x1366.jpeg 2048w\" sizes=\"(max-width: 2560px) 100vw, 2560px\" \/>\t\t\t\t\t\t\t\t\t\t\t\t\t\t\t<\/div>\n\t\t\t\t<\/div>\n\t\t\t\t<\/div>\n\t\t\t\t\t<\/div>\n\t\t\t\t<\/div>\n\t\t<div class=\"elementor-element elementor-element-b0b3a40 e-flex e-con-boxed e-con e-parent\" data-id=\"b0b3a40\" data-element_type=\"container\">\n\t\t\t\t\t<div class=\"e-con-inner\">\n\t\t<div class=\"elementor-element elementor-element-1b73c72 e-con-full e-flex e-con e-child\" data-id=\"1b73c72\" data-element_type=\"container\">\n\t\t\t\t<div class=\"elementor-element elementor-element-29c2fb8 elementor-invisible elementor-widget elementor-widget-image\" data-id=\"29c2fb8\" data-element_type=\"widget\" data-settings=\"{&quot;_animation&quot;:&quot;fadeInUp&quot;}\" data-widget_type=\"image.default\">\n\t\t\t\t<div class=\"elementor-widget-container\">\n\t\t\t\t\t\t\t\t\t\t\t\t\t\t\t<img decoding=\"async\" width=\"2560\" height=\"1709\" src=\"https:\/\/preprod-ctpro.agence-solaris.fr\/wp-content\/uploads\/2024\/12\/pexels-max-vakhtbovych-6436825-scaled-1.jpg\" class=\"attachment-full size-full wp-image-240\" alt=\"\" srcset=\"https:\/\/preprod-ctpro.agence-solaris.fr\/wp-content\/uploads\/2024\/12\/pexels-max-vakhtbovych-6436825-scaled-1.jpg 2560w, https:\/\/preprod-ctpro.agence-solaris.fr\/wp-content\/uploads\/2024\/12\/pexels-max-vakhtbovych-6436825-scaled-1-300x200.jpg 300w, https:\/\/preprod-ctpro.agence-solaris.fr\/wp-content\/uploads\/2024\/12\/pexels-max-vakhtbovych-6436825-scaled-1-1024x684.jpg 1024w, https:\/\/preprod-ctpro.agence-solaris.fr\/wp-content\/uploads\/2024\/12\/pexels-max-vakhtbovych-6436825-scaled-1-768x513.jpg 768w, https:\/\/preprod-ctpro.agence-solaris.fr\/wp-content\/uploads\/2024\/12\/pexels-max-vakhtbovych-6436825-scaled-1-1536x1025.jpg 1536w, https:\/\/preprod-ctpro.agence-solaris.fr\/wp-content\/uploads\/2024\/12\/pexels-max-vakhtbovych-6436825-scaled-1-2048x1367.jpg 2048w\" sizes=\"(max-width: 2560px) 100vw, 2560px\" \/>\t\t\t\t\t\t\t\t\t\t\t\t\t\t\t<\/div>\n\t\t\t\t<\/div>\n\t\t\t\t<\/div>\n\t\t<div class=\"elementor-element elementor-element-7f85792 e-con-full e-flex e-con e-child\" data-id=\"7f85792\" data-element_type=\"container\">\n\t\t\t\t<div class=\"elementor-element elementor-element-d57882e elementor-invisible elementor-widget elementor-widget-heading\" data-id=\"d57882e\" data-element_type=\"widget\" data-settings=\"{&quot;_animation&quot;:&quot;fadeInUp&quot;}\" data-widget_type=\"heading.default\">\n\t\t\t\t<div class=\"elementor-widget-container\">\n\t\t\t\t\t<h3 class=\"elementor-heading-title elementor-size-default\">Le Pr\u00eat Social Location-Accession<\/h3>\t\t\t\t<\/div>\n\t\t\t\t<\/div>\n\t\t\t\t<div class=\"elementor-element elementor-element-f3c7b07 elementor-invisible elementor-widget elementor-widget-text-editor\" data-id=\"f3c7b07\" data-element_type=\"widget\" data-settings=\"{&quot;_animation&quot;:&quot;fadeInUp&quot;}\" data-widget_type=\"text-editor.default\">\n\t\t\t\t<div class=\"elementor-widget-container\">\n\t\t\t\t\t\t\t\t\t<p>Le PSLA (Pr\u00eat Social Location-Accession) est un dispositif qui permet de devenir propri\u00e9taire progressivement, en passant d&#8217;abord par une phase de location.<br \/>Le PSLA est r\u00e9serv\u00e9 aux m\u00e9nages sous un certain plafond de revenus, afin d\u2019aider les foyers modestes \u00e0 acc\u00e9der \u00e0 la propri\u00e9t\u00e9.<\/p>\t\t\t\t\t\t\t\t<\/div>\n\t\t\t\t<\/div>\n\t\t\t\t<\/div>\n\t\t\t\t\t<\/div>\n\t\t\t\t<\/div>\n\t\t<div class=\"elementor-element elementor-element-ec00667 e-flex e-con-boxed e-con e-parent\" data-id=\"ec00667\" data-element_type=\"container\">\n\t\t\t\t\t<div class=\"e-con-inner\">\n\t\t<div class=\"elementor-element elementor-element-c0351d9 e-flex e-con-boxed e-con e-child\" data-id=\"c0351d9\" data-element_type=\"container\">\n\t\t\t\t\t<div class=\"e-con-inner\">\n\t\t<div class=\"elementor-element elementor-element-ed87c98 e-con-full e-flex elementor-invisible e-con e-child\" data-id=\"ed87c98\" data-element_type=\"container\" data-settings=\"{&quot;background_background&quot;:&quot;classic&quot;,&quot;animation&quot;:&quot;fadeInUp&quot;}\">\n\t\t\t\t<div class=\"elementor-element elementor-element-e8bf258 elementor-widget elementor-widget-heading\" data-id=\"e8bf258\" data-element_type=\"widget\" data-widget_type=\"heading.default\">\n\t\t\t\t<div class=\"elementor-widget-container\">\n\t\t\t\t\t<h2 class=\"elementor-heading-title elementor-size-default\">Vous avez une question ?<\/h2>\t\t\t\t<\/div>\n\t\t\t\t<\/div>\n\t\t\t\t<div class=\"elementor-element elementor-element-7037a2e elementor-invisible elementor-widget elementor-widget-text-editor\" data-id=\"7037a2e\" data-element_type=\"widget\" data-settings=\"{&quot;_animation&quot;:&quot;fadeInUp&quot;}\" data-widget_type=\"text-editor.default\">\n\t\t\t\t<div class=\"elementor-widget-container\">\n\t\t\t\t\t\t\t\t\t<p>Notre \u00e9quipe saura vous guider dans vos d\u00e9marches.<\/p>\t\t\t\t\t\t\t\t<\/div>\n\t\t\t\t<\/div>\n\t\t\t\t<div class=\"elementor-element elementor-element-ba859a4 elementor-align-center elementor-invisible elementor-widget elementor-widget-button\" data-id=\"ba859a4\" data-element_type=\"widget\" data-settings=\"{&quot;_animation&quot;:&quot;fadeInUp&quot;}\" data-widget_type=\"button.default\">\n\t\t\t\t<div class=\"elementor-widget-container\">\n\t\t\t\t\t\t\t\t\t<div class=\"elementor-button-wrapper\">\n\t\t\t\t\t<a class=\"elementor-button elementor-button-link elementor-size-sm\" href=\"https:\/\/preprod-ctpro.agence-solaris.fr\/index.php\/contact\/\">\n\t\t\t\t\t\t<span class=\"elementor-button-content-wrapper\">\n\t\t\t\t\t\t\t\t\t<span class=\"elementor-button-text\">Contactez-nous<\/span>\n\t\t\t\t\t<\/span>\n\t\t\t\t\t<\/a>\n\t\t\t\t<\/div>\n\t\t\t\t\t\t\t\t<\/div>\n\t\t\t\t<\/div>\n\t\t\t\t<\/div>\n\t\t\t\t\t<\/div>\n\t\t\t\t<\/div>\n\t\t\t\t\t<\/div>\n\t\t\t\t<\/div>\n\t\t\t\t<\/div>\n\t\t","protected":false},"excerpt":{"rendered":"<p>Devenir propri\u00e9taire Achetez votre logement avec la COPROD ! Devenir propri\u00e9taire avec COPROD ! Nos \u00e9quipes vous accompagnent dans l\u2019acquisition de votre logement, sous r\u00e9serve de remplir certaines conditions.Coprod propose \u00e9galement des biens vacants \u00e0 la vente. D\u00e9couvrir nos annonces Le Pr\u00eat Social Location-Accession Le PSLA (Pr\u00eat Social Location-Accession) est un dispositif qui permet de [&hellip;]<\/p>\n","protected":false},"author":1,"featured_media":0,"parent":46,"menu_order":0,"comment_status":"closed","ping_status":"closed","template":"","meta":{"footnotes":""},"class_list":["post-51","page","type-page","status-publish","hentry"],"_links":{"self":[{"href":"https:\/\/preprod-ctpro.agence-solaris.fr\/index.php\/wp-json\/wp\/v2\/pages\/51","targetHints":{"allow":["GET"]}}],"collection":[{"href":"https:\/\/preprod-ctpro.agence-solaris.fr\/index.php\/wp-json\/wp\/v2\/pages"}],"about":[{"href":"https:\/\/preprod-ctpro.agence-solaris.fr\/index.php\/wp-json\/wp\/v2\/types\/page"}],"author":[{"embeddable":true,"href":"https:\/\/preprod-ctpro.agence-solaris.fr\/index.php\/wp-json\/wp\/v2\/users\/1"}],"replies":[{"embeddable":true,"href":"https:\/\/preprod-ctpro.agence-solaris.fr\/index.php\/wp-json\/wp\/v2\/comments?post=51"}],"version-history":[{"count":16,"href":"https:\/\/preprod-ctpro.agence-solaris.fr\/index.php\/wp-json\/wp\/v2\/pages\/51\/revisions"}],"predecessor-version":[{"id":533,"href":"https:\/\/preprod-ctpro.agence-solaris.fr\/index.php\/wp-json\/wp\/v2\/pages\/51\/revisions\/533"}],"up":[{"embeddable":true,"href":"https:\/\/preprod-ctpro.agence-solaris.fr\/index.php\/wp-json\/wp\/v2\/pages\/46"}],"wp:attachment":[{"href":"https:\/\/preprod-ctpro.agence-solaris.fr\/index.php\/wp-json\/wp\/v2\/media?parent=51"}],"curies":[{"name":"wp","href":"https:\/\/api.w.org\/{rel}","templated":true}]}}