{"id":504,"date":"2025-02-27T16:44:19","date_gmt":"2025-02-27T15:44:19","guid":{"rendered":"https:\/\/preprod-ctpro.agence-solaris.fr\/?page_id=504"},"modified":"2025-02-27T16:59:39","modified_gmt":"2025-02-27T15:59:39","slug":"mentions-legales","status":"publish","type":"page","link":"https:\/\/preprod-ctpro.agence-solaris.fr\/index.php\/mentions-legales\/","title":{"rendered":"Mentions L\u00e9gales"},"content":{"rendered":"\t\t<div data-elementor-type=\"wp-page\" data-elementor-id=\"504\" class=\"elementor elementor-504\" data-elementor-post-type=\"page\">\n\t\t\t\t<div class=\"elementor-element elementor-element-2489faa e-flex e-con-boxed e-con e-parent\" data-id=\"2489faa\" data-element_type=\"container\">\n\t\t\t\t\t<div class=\"e-con-inner\">\n\t\t\t\t<div class=\"elementor-element elementor-element-3a7bd3b elementor-widget elementor-widget-heading\" data-id=\"3a7bd3b\" data-element_type=\"widget\" data-widget_type=\"heading.default\">\n\t\t\t\t<div class=\"elementor-widget-container\">\n\t\t\t\t\t<h2 class=\"elementor-heading-title elementor-size-default\">Mentions L\u00e9gales<\/h2>\t\t\t\t<\/div>\n\t\t\t\t<\/div>\n\t\t\t\t<div class=\"elementor-element elementor-element-cf2d295 elementor-widget elementor-widget-text-editor\" data-id=\"cf2d295\" data-element_type=\"widget\" data-widget_type=\"text-editor.default\">\n\t\t\t\t<div class=\"elementor-widget-container\">\n\t\t\t\t\t\t\t\t\t<h3 data-start=\"400\" data-end=\"427\"><strong data-start=\"400\" data-end=\"427\">Pr\u00e9sentation du site<\/strong><\/h3><p data-start=\"429\" data-end=\"691\">En vertu de l\u2019article 6 de la Loi n\u00b0 2004-575 du 21 juin 2004 pour la confiance dans l\u2019\u00e9conomie num\u00e9rique, il est pr\u00e9cis\u00e9 aux utilisateurs du site internet <a href=\"http:\/\/coprod.org\">coprod.org<\/a> l\u2019identit\u00e9 des diff\u00e9rents intervenants dans le cadre de sa r\u00e9alisation et de son suivi :<\/p><h4 data-start=\"693\" data-end=\"1158\"><strong data-start=\"693\" data-end=\"719\">Propri\u00e9taire du site :<\/strong>\u00a0<\/h4><p data-start=\"693\" data-end=\"1158\">Nom de l\u2019entreprise : <strong data-start=\"742\" data-end=\"767\">COPROD SOCIETE COOPERATIVE D&#8217;INTERET COLLECTIF D&#8217;H L M DE LA CORREZE<\/strong><br data-start=\"860\" data-end=\"863\" \/>Adresse : <strong data-start=\"873\" data-end=\"895\">Place de Verdun &#8211; 19200 USSEL<\/strong><br data-start=\"895\" data-end=\"898\" \/>T\u00e9l\u00e9phone : <strong data-start=\"910\" data-end=\"935\">05 55 46 01 90<\/strong><br data-start=\"935\" data-end=\"938\" \/>Adresse email : <strong data-start=\"954\" data-end=\"976\">secretariat@coprod19.fr<\/strong><br data-start=\"976\" data-end=\"979\" \/>Num\u00e9ro SIREN : <strong>309598159<\/strong><br data-start=\"1012\" data-end=\"1015\" \/>Num\u00e9ro de TVA intracommunautaire : <strong data-start=\"1050\" data-end=\"1069\">FR89309598159<\/strong><br data-start=\"1069\" data-end=\"1072\" \/>Responsable de la publication : <strong data-start=\"1104\" data-end=\"1128\">Baptiste Charrier<\/strong>\u00a0(Directeur de la publication)<\/p><h4 data-start=\"1160\" data-end=\"1334\"><strong data-start=\"1160\" data-end=\"1183\">H\u00e9bergeur du site :<\/strong> \u00a0<\/h4><p data-start=\"1160\" data-end=\"1334\">H\u00e9bergeur<strong data-start=\"1205\" data-end=\"1229\"> : OVH\u00a0<\/strong><br data-start=\"1229\" data-end=\"1232\" \/>Adresse : <strong data-start=\"1242\" data-end=\"1279\"><b>2 rue Kellermann \u2013 59100 ROUBAIX<\/b><\/strong><\/p><p data-start=\"1160\" data-end=\"1334\">\u00a0<\/p><h3 data-start=\"1336\" data-end=\"1367\"><strong data-start=\"1336\" data-end=\"1367\">Propri\u00e9t\u00e9 intellectuelle<\/strong><\/h3><p data-start=\"1369\" data-end=\"1765\">Le contenu du site (textes, images, logos, graphismes, vid\u00e9os, etc.) est la propri\u00e9t\u00e9 exclusive de COPROD19 ou des tiers ayant autoris\u00e9 la COPROD19 \u00e0 l\u2019utiliser. Toute reproduction, distribution, modification ou exploitation de ces \u00e9l\u00e9ments, sans autorisation expresse, est interdite et constitue une violation des droits d\u2019auteur et de la propri\u00e9t\u00e9 intellectuelle.<\/p><h3 data-start=\"1767\" data-end=\"1788\"><strong data-start=\"1767\" data-end=\"1788\">Responsabilit\u00e9<\/strong><\/h3><p data-start=\"1790\" data-end=\"2145\">Le site <a href=\"http:\/\/coprod.org\"><strong data-start=\"1798\" data-end=\"1815\">coprod.org<\/strong><\/a> a pour objectif de fournir une information g\u00e9n\u00e9rale sur les produits et services propos\u00e9s par <strong data-start=\"1910\" data-end=\"1935\">la COPROD19<\/strong>. <b>La COPROD19 <\/b>met tout en \u0153uvre pour assurer la v\u00e9racit\u00e9 des informations diffus\u00e9es, mais ne peut garantir l\u2019exactitude, la pr\u00e9cision ou l&#8217;exhaustivit\u00e9 des donn\u00e9es mises \u00e0 disposition sur le site.<\/p><p data-start=\"2147\" data-end=\"2264\">L&#8217;utilisateur est seul responsable de l&#8217;utilisation qu&#8217;il fait des informations et des services propos\u00e9s sur le site.<\/p><h3 data-start=\"2266\" data-end=\"2308\"><strong data-start=\"2266\" data-end=\"2308\">Protection des donn\u00e9es personnelles<\/strong><\/h3><p data-start=\"2310\" data-end=\"2728\">Conform\u00e9ment \u00e0 la loi n\u00b078-17 du 6 janvier 1978 relative \u00e0 l\u2019informatique, aux fichiers et aux libert\u00e9s, et au R\u00e8glement G\u00e9n\u00e9ral sur la Protection des Donn\u00e9es (RGPD), les utilisateurs du site <a href=\"http:\/\/coprod.org\"><strong data-start=\"2502\" data-end=\"2519\">coprod.org<\/strong><\/a>\u00a0disposent d&#8217;un droit d&#8217;acc\u00e8s, de rectification, de suppression et d\u2019opposition concernant leurs donn\u00e9es personnelles. Pour exercer ce droit, il suffit d\u2019envoyer une demande par email \u00e0 <a href=\"mailto:secretariat@coprod19.fr\"><strong data-start=\"2705\" data-end=\"2727\">secretariat@coprod19.fr<\/strong><\/a>.<\/p><p data-start=\"2730\" data-end=\"2921\">Les donn\u00e9es personnelles collect\u00e9es par le site <a href=\"http:\/\/coprod.org\"><strong data-start=\"2502\" data-end=\"2519\">coprod.org<\/strong><\/a>\u00a0sont utilis\u00e9es uniquement dans le cadre de la gestion des services propos\u00e9s. Elles ne sont ni vendues, ni c\u00e9d\u00e9es \u00e0 des tiers.<\/p><h3 data-start=\"2923\" data-end=\"2937\"><strong data-start=\"2923\" data-end=\"2937\">Cookies<\/strong><\/h3><p data-start=\"2939\" data-end=\"3302\">Le site utilise des cookies pour am\u00e9liorer l\u2019exp\u00e9rience utilisateur. Les cookies sont des petits fichiers stock\u00e9s sur l&#8217;appareil de l&#8217;utilisateur afin de faciliter la navigation sur le site. L&#8217;utilisateur peut refuser l&#8217;utilisation des cookies en configurant son navigateur en cons\u00e9quence. Cependant, cela peut limiter l\u2019acc\u00e8s \u00e0 certaines fonctionnalit\u00e9s du site.<\/p><h3 data-start=\"3304\" data-end=\"3328\"><strong data-start=\"3304\" data-end=\"3328\">Liens hypertextes<\/strong><\/h3><p data-start=\"3330\" data-end=\"3570\">Le site <a href=\"http:\/\/coprod.org\"><strong data-start=\"2502\" data-end=\"2519\">coprod.org<\/strong><\/a>\u00a0peut contenir des liens vers d\u2019autres sites internet. <strong data-start=\"3410\" data-end=\"3435\">La COPROD19<\/strong>\u00a0ne peut \u00eatre tenu responsable des contenus de ces sites tiers et de leurs pratiques en mati\u00e8re de protection des donn\u00e9es personnelles.<\/p><h3 data-start=\"3572\" data-end=\"3612\"><strong data-start=\"3572\" data-end=\"3612\">Modification des mentions l\u00e9gales<\/strong><\/h3><p data-start=\"3614\" data-end=\"3845\"><strong data-start=\"3614\" data-end=\"3639\">La COPROD19<\/strong>\u00a0se r\u00e9serve le droit de modifier les pr\u00e9sentes mentions l\u00e9gales \u00e0 tout moment. Les utilisateurs du site sont invit\u00e9s \u00e0 les consulter r\u00e9guli\u00e8rement afin de prendre connaissance des modifications \u00e9ventuelles.<\/p><h3 data-start=\"3847\" data-end=\"3894\"><strong data-start=\"3847\" data-end=\"3894\">Loi applicable et juridiction comp\u00e9tente<\/strong><\/h3><p data-start=\"3896\" data-end=\"4089\">Les pr\u00e9sentes mentions l\u00e9gales sont r\u00e9gies par la loi fran\u00e7aise. Tout litige <a href=\"http:\/\/coprod.org\"><strong data-start=\"2502\" data-end=\"2519\">coprod.org<\/strong><\/a>\u00a0sera soumis \u00e0 la comp\u00e9tence exclusive des juridictions fran\u00e7aises.<\/p>\t\t\t\t\t\t\t\t<\/div>\n\t\t\t\t<\/div>\n\t\t\t\t\t<\/div>\n\t\t\t\t<\/div>\n\t\t\t\t<\/div>\n\t\t","protected":false},"excerpt":{"rendered":"<p>Mentions L\u00e9gales Pr\u00e9sentation du site En vertu de l\u2019article 6 de la Loi n\u00b0 2004-575 du 21 juin 2004 pour la confiance dans l\u2019\u00e9conomie num\u00e9rique, il est pr\u00e9cis\u00e9 aux utilisateurs du site internet coprod.org l\u2019identit\u00e9 des diff\u00e9rents intervenants dans le cadre de sa r\u00e9alisation et de son suivi : Propri\u00e9taire du site :\u00a0 Nom de [&hellip;]<\/p>\n","protected":false},"author":1,"featured_media":0,"parent":0,"menu_order":0,"comment_status":"closed","ping_status":"closed","template":"","meta":{"footnotes":""},"class_list":["post-504","page","type-page","status-publish","hentry"],"_links":{"self":[{"href":"https:\/\/preprod-ctpro.agence-solaris.fr\/index.php\/wp-json\/wp\/v2\/pages\/504","targetHints":{"allow":["GET"]}}],"collection":[{"href":"https:\/\/preprod-ctpro.agence-solaris.fr\/index.php\/wp-json\/wp\/v2\/pages"}],"about":[{"href":"https:\/\/preprod-ctpro.agence-solaris.fr\/index.php\/wp-json\/wp\/v2\/types\/page"}],"author":[{"embeddable":true,"href":"https:\/\/preprod-ctpro.agence-solaris.fr\/index.php\/wp-json\/wp\/v2\/users\/1"}],"replies":[{"embeddable":true,"href":"https:\/\/preprod-ctpro.agence-solaris.fr\/index.php\/wp-json\/wp\/v2\/comments?post=504"}],"version-history":[{"count":4,"href":"https:\/\/preprod-ctpro.agence-solaris.fr\/index.php\/wp-json\/wp\/v2\/pages\/504\/revisions"}],"predecessor-version":[{"id":513,"href":"https:\/\/preprod-ctpro.agence-solaris.fr\/index.php\/wp-json\/wp\/v2\/pages\/504\/revisions\/513"}],"wp:attachment":[{"href":"https:\/\/preprod-ctpro.agence-solaris.fr\/index.php\/wp-json\/wp\/v2\/media?parent=504"}],"curies":[{"name":"wp","href":"https:\/\/api.w.org\/{rel}","templated":true}]}}